rs of t.
3, 89
Let h = -176 - -3899. What are the prime factors of h?
3, 17, 73
Let o(d) = d**3 - 15*d**2 + 4*d + 22. Let k = 2 + 13. Let s be o(k). Suppose s = 3*v - 86. What are the prime factors of v?
2, 7
Let n = -4 - -1. Let p be 0 + n + 0 + 3. Let w(j) = j**3 + j**2 - j + 38. What are the prime factors of w(p)?
2, 19
Let m be ((-906)/4)/((-15)/20) - 0. Suppose 0 = y - 2, 3*y - m = -o + 5*y. What are the prime factors of o?
2, 3, 17
Let o(v) = -v**2 + v + 2. Let a be o(-2). Let r(f) = 5 + 5 + 0*f - 11 - 6*f. What are the prime factors of r(a)?
23
Let q(g) = g**3 + 9*g**2 - 5*g. Let h(t) = t**3 + 9*t**2 - 6*t + 1. Let d(o) = -4*h(o) + 3*q(o). What are the prime factors of d(-10)?
2, 3
Suppose 0 = 2*i + 2*i - 16. Suppose 2*p + 2 = 5*c, -c - 6 = -i*p + 2*p. What are the prime factors of p/30 + 2191/105?
3, 7
Let a(j) = 8*j + j + 0*j + 2*j + 10. What are the prime factors of a(4)?
2, 3
Suppose 4*t - j + 34 = 0, -4*t + 5*j + 0*j = 42. What are the prime factors of 184/2 + 6 + t?
2, 3, 5
Let f = 19 - 40. Let u = f + 47. Let h = -2 + u. List the prime factors of h.
2, 3
Let k(g) = 2*g**3 - g**2 - 2*g + 1. Let u be k(-3). Let o = -28 - u. Suppose -4*i + 5*b = -170 - o, -3*i + 146 = -5*b. What are the prime factors of i?
2, 13
Let i(t) = 2*t - 5. Let y be i(5). Suppose v = 5*d - 904, 0*d - y*v + 186 = d. List the prime factors of d.
181
Let x(l) = 61*l**2 - 21*l - 48. What are the prime factors of x(-2)?
2, 7, 17
What are the prime factors of (144/(-36))/(-3 - (-813)/273)?
2, 7, 13
Suppose 3*l - 1149 = 2*s, 4*l - 1915 = -l - 2*s. What are the prime factors of l?
383
Let t = -21 - -24. Suppose -42 = 2*g - 3*g - t*u, 4*u = 4*g - 104. List the prime factors of g.
2, 3, 5
Let v = -99 - -99. Let d be -1*-1*(2 + 0). Suppose -4*b = d*l + l - 73, v = -5*l + 4*b + 111. List the prime factors of l.
23
What are the prime factors of 3275/3 + (-1)/(-3)?
2, 3, 7, 13
Let t(w) = -w**3 + w**2 + w + 17. Let k be 24/3*(-1)/(-2). Suppose -k*q = -2*q. List the prime factors of t(q).
17
Let o = -145 + 130. Let z(l) = 10*l. Let p be z(2). Let h = o + p. What are the prime factors of h?
5
Suppose -3*b - 21 = z - 58, 0 = -3*z - 3*b + 93. List the prime factors of z.
2, 7
Let v be (-17 - -1)*(-2 + 3)/(-1). Let d = v - -32. List the prime factors of d.
2, 3
Let y(b) = -b**2 - 13*b + 14. Let u be y(-14). Suppose -3*i + u*p + 102 = -2*p, -4*p - 172 = -5*i. List the prime factors of i.
2
Let j = 1 - 13. Let v(w) = -w**2 - 2*w + 9. Let g be v(-5). List the prime factors of ((-201)/(-6))/(g/j).
67
Let z = 3 + -1. Suppose -z*b + 2*y = -4*b + 88, -2*b - 3*y + 87 = 0. Let l = b + 5. What are the prime factors of l?
2, 5
Suppose 540 = 2*m + 3*m - 5*u, -3*m + 5*u = -322. What are the prime factors of m?
109
Let k(u) = -u**3 - 14*u**2 - 24*u + 7. Let h be k(-12). Suppose h*m - 1800 = -11*m. What are the prime factors of m?
2, 5
Let t(d) = 84*d + 1. Let o be t(-1). Let f = o + 126. List the prime factors of f.
43
Let b(u) = -9*u - 3. Let n be b(-9). Suppose 3*p - n - 27 = 0. What are the prime factors of p?
5, 7
Suppose 5*g + 20 = 0, 0 = 3*r + 3*g - 0 - 3. Suppose 4*c = r*v - 539, -v = c + 20 - 135. List the prime factors of v.
3, 37
Suppose 0 = 3*j - 0*j - 9. Suppose 2*p - 4 = 0, 7 - 20 = j*r - 5*p. Let i = 21 + r. What are the prime factors of i?
2, 5
Suppose 0 = -7*o - 2818 + 27675. What are the prime factors of o?
53, 67
Let j = 995 + 1361. What are the prime factors of j?
2, 19, 31
Let k = -361 + 355. Let c(w) = -4*w - 1 + 0*w + 0*w. What are the prime factors of c(k)?
23
Let o be 4*6/8 - -46. Let k = o + 13. Let h = k + -12. What are the prime factors of h?
2, 5
Let w = -452 + 313. Let i = w - -253. What are the prime factors of i?
2, 3, 19
Let s(a) = -15*a + a + 402 - 394 - 22*a. List the prime factors of s(-2).
2, 5
Let n(c) be the second derivative of c**4/12 - 7*c**3/6 + 3*c**2/2 + 16*c. What are the prime factors of n(17)?
173
Let o(y) = -61*y + 12. What are the prime factors of o(-12)?
2, 3, 31
Suppose -k + 1600 = -4*f - 1848, k - 5*f = 3446. Suppose -8*a + k = 1088. List the prime factors of a.
2, 37
Suppose 4*t + 1 = -3*f, 2*f + 5*t + 2 = -8. Suppose 0 = f*p - 3*d - 993, -5*p + 3*p + 394 = 2*d. List the prime factors of p.
2, 3, 11
Let n be 1/(-6) + (-172)/(-24). List the prime factors of 2 - (-72)/(-4 + n).
2, 13
Suppose 0 = -4*d - 1 + 9. Let o be (6/14)/(1/7). Suppose -d*a = 2*w - 64, -7*a - 2*w = -o*a - 128. List the prime factors of a.
2
Suppose 5*x = p - 2, 2*p - 5*p - 4 = -5*x. What are the prime factors of 28 - (4 + x + 0)?
5
Suppose 5*r - 275 = -2*w, 0 = -0*w - w. Let t = r - 1. List the prime factors of t.
2, 3
Let i(s) = 2*s**2 - 55*s - 91. List the prime factors of i(31).
2, 3, 7
Let n be -140*(32/28 - 2). List the prime factors of 5*(n/3 + (-3)/1).
5, 37
Let s(r) = -r**2 - 18*r + 23. Let c(w) = w**2 - 18*w + 18. Let g be c(16). List the prime factors of s(g).
79
Let r = 71 - -87. What are the prime factors of r*(-1)/(-5) - (-8)/20?
2
Let y = -57 + 59. Let o be 4/((-3)/72*-2). Suppose -o = -3*m + y*q, 0*q = q. What are the prime factors of m?
2
Let j be 160/(-15) - 2/6. Let r be j/(-55) + (-26)/5. List the prime factors of (-4)/10 + (-87)/r.
17
List the prime factors of (-4 - (-4)/(-4)*-5) + 834.
5, 167
Let y be (4 + -2)*-1*-23. Suppose 0 = 11*m - 9*m - y. What are the prime factors of m?
23
Suppose 3*n + 17 = -7. Let l(k) = k**2 + 7*k + 2. Let a be l(n). Suppose -2*v - 3*c = -64, -c = -6*c + a. List the prime factors of v.
29
Let t(r) = -10*r - 56. Let c(d) = -15*d - 85. Let q(h) = -5*c(h) + 8*t(h). What are the prime factors of q(-23)?
2, 23
Suppose -3*v - 12 = 0, v - 2*v + 56 = 2*n. Let w be n/(-45) + (-154)/(-6). Suppose -w = -4*d + 3*d. List the prime factors of d.
5
Suppose -2*c - 704 = -0*i + 3*i, 461 = -2*i - 3*c. Let v = i + 379. List the prime factors of v.
3, 47
Suppose -1 = -2*n + 4*l - 13, -58 = 3*n + 4*l. List the prime factors of ((-12)/9)/(n/735).
2, 5, 7
Let f(r) be the first derivative of -r**3/3 - 8*r**2 - 19*r + 5. Let v be f(-14). Suppose -22 = -y - v. What are the prime factors of y?
13
Let v(g) = -2*g**3 - 9*g - 9 + 4*g**3 + 2*g**3 - 6*g**3 + g**2. List the prime factors of v(-3).
3
Suppose -3 + 38 = u. Suppose 3*s + 5*h = 4*s - u, 0 = 4*h. List the prime factors of (4 + s/1)*1.
3, 13
Let h be -7*(-1 - (-3)/1). Let y = h + 18. List the prime factors of 1*52/(0 + y).
13
Suppose 7*c - 10*c = 0. Suppose s = -o - c*s - 1, 0 = -4*o + 3*s - 32. What are the prime factors of ((-14)/o)/(18/225)?
5, 7
Let l = 1516 + -714. What are the prime factors of l?
2, 401
Let n(x) = 53*x**2 + 1. Let q be n(2). Let s = q - 150. List the prime factors of s.
3, 7
Let g be (-4)/(-14) + 13442/91. Let x = -97 + g. List the prime factors of x.
3, 17
Let p(g) be the third derivative of 0*g**3 + 0 + 0*g + 1/3*g**5 + 0*g**4 - 4*g**2. What are the prime factors of p(1)?
2, 5
Let z be 6/(-10) + (-2142)/(-45). Suppose -5*h - 5*p + 162 = -13, -h + z = 5*p. List the prime factors of h.
2
Let j = 104 - 21. Let t be -3*(0 + 176/12). Let h = t + j. What are the prime factors of h?
3, 13
Suppose 0 = -7*t + 17*t - 1340. Suppose -135*n = -t*n - 40. List the prime factors of n.
2, 5
Let j(b) = -b**2 - 17*b + 20. Let r(z) = 3*z - 12. Let i be r(0). List the prime factors of j(i).
2, 5
Let i(y) = -61*y + 9. Let u be i(-3). Let p = -104 + u. List the prime factors of p.
2, 11
Suppose -12914 - 11006 = -46*a. List the prime factors of a.
2, 5, 13
Suppose 3*c - 7*c - 3*w = -1127, 5*c - 4*w = 1401. What are the prime factors of c?
281
Let s = 27 + -17. Suppose -3*j - s + 31 = 0. Suppose 0 = -j*a + 92 + 258. List the prime factors of a.
2, 5
Let r = 305 + -201. Suppose -n = n - r. List the prime factors of (n/8)/(1/2).
13
Suppose 5*v - 4*s = 36, 0*s + s - 1 = 0. Suppose 5*t - 4*t = i - 3, 3*i - v = 2*t. Suppose -z = -4*g - 9, -5*g - 26 = -2*z - i. What are the prime factors of z?
17
Let w(f) = 4*f**2 + 2*f + 3. Let u = 48 + -34. Let t = u + -17. List the prime factors of w(t).
3, 11
Suppose 3*m = -x - 5, -30 = -x - 3*m + 7*m. Let w be 616/55 + (-2)/x. Suppose 0 = f - 49 + w. List the prime factors of f.
2, 19
Let x be 1/((-5)/135)*4. Let j = -76 - x. List the prime factors of j.
2
List the prime factors of ((-258)/15)/(5 + (-11847)/2365).
43
Let j = 62 - -99. What are the prime fact